 + 2*m = 0. Let i = d + v. What is the remainder when 17 is divided by i?
7
Suppose 0 = 3*a, -3*z - 2*z = 2*a - 80. What is the remainder when z is divided by 7?
2
Suppose -4*j - 5*f = 5, -j + 0*f + 20 = -3*f. What is the remainder when 117 is divided by j?
2
Let q be (8/6)/(3/9). Suppose -k + 2*x = x - 47, 0 = -3*k - q*x + 169. What is the remainder when k is divided by 0 + 1 + 48/4?
12
Let o = -357 - -366. Calculate the remainder when 485 is divided by o.
8
Let l(v) = -2*v**2 + 70*v + 11. What is the remainder when 64 is divided by l(35)?
9
Let d(c) = 2*c**2 - 3*c. Let a be d(4). Let t = a - -3. Calculate the remainder when 91 is divided by t.
22
Let b(g) = -22*g**3 - g**2 + 7*g + 9. Calculate the remainder when 136 is divided by b(-1).
21
Let j(u) = u**2 - 12*u. What is the remainder when 101 is divided by j(13)?
10
Let h(z) = z + 9. Suppose 2*n = -3*x - 79, 3*x + 5*n = 8*x + 140. Let c = x + 43. What is the remainder when c is divided by h(0)?
7
Let u(m) = m + 1. Let q(x) = x + 2. Let c(n) = q(n) - 2*u(n). Let y be c(-14). Let r = 36 - y. Calculate the remainder when r is divided by 8.
6
Let o(h) = -6*h**3 + h**2 - h + 4. Let i(n) = 13*n**3 - 3*n**2 + 2*n - 8. Let p(s) = 3*i(s) + 7*o(s). What is the remainder when 152 is divided by p(-2)?
20
Suppose 4*n + a - 142 = 0, -2*a - 68 = -2*n - a. What is the remainder when 3 - (-524)/4 - -5 is divided by n?
34
Let o be -4 + 63/(-3) + 0. What is the remainder when 56 is divided by 4 + 4 + -4 - o?
27
Suppose -2*x + 3*y + y + 200 = 0, -x = 3*y - 80. Calculate the remainder when x is divided by 43.
6
Let a = -241 + 504. What is the remainder when a is divided by 11?
10
Suppose 3 = -2*f + 11. Let i = -552 + 564. Calculate the remainder when (70/f)/(4/8) is divided by i.
11
Suppose -4*w + 202 = 5*m, -2*w + 161 = w - m. Suppose 4*k = 3*v - 35, -13 = 2*k - v + 2. Let q = 9 - k. Calculate the remainder when w is divided by q.
11
Suppose 910 = 2*p - 178. What is the remainder when p is divided by 26?
24
Let v(t) = -6*t - 17. Let m be v(-5). Suppose 3*b = 28 - m. Let y(z) = z - 5. Calculate the remainder when b is divided by y(7).
1
What is the remainder when (36/9)/(10/235) is divided by 7?
3
Let s(a) = -a**2 + 19*a - 33. What is the remainder when s(10) is divided by 14?
1
Let z be (-10)/4*(-24)/10. Suppose z*g - g = 25. Calculate the remainder when 14 is divided by g.
4
Suppose i - 5 = -3, -5*b + 177 = -4*i. What is the remainder when 69 is divided by b?
32
Calculate the remainder when (-1560)/42*42/(-4) is divided by 36.
30
Suppose 3*n + 123 = 807. Let h be (-3 + 0)/((-12)/n). Suppose -h + 24 = -3*z. What is the remainder when 43 is divided by z?
10
Suppose 5*q - 597 = -4*m, -341 = -3*m + 2*q + 78. Suppose -4*l - l + 112 = -2*v, 2*l = 4. Let r = v + m. What is the remainder when r is divided by 19?
16
Let a(v) = -v**3 + 10*v**2 + 4*v - 21. Let w be a(9). Let y = w - 48. Suppose 0 = -3*z, -100 = -4*t - 2*z - 0*z. What is the remainder when y is divided by t?
23
Suppose b = -2*b + 42. Let g(j) = j**3 - 6*j**2 + 12*j - 8. Let y = 54 - 50. What is the remainder when b is divided by g(y)?
6
Let c(s) = 14*s**3 + 4*s**2 - 5*s + 3. Let x be c(2). Let h = -89 + x. Calculate the remainder when 60 is divided by h.
28
Let y be (-6)/(-4)*(-24)/(-18). Let n(x) = 3*x - x**y - 12*x - 5 - 5. Calculate the remainder when 4 is divided by n(-7).
0
Let p = -2798 + 2898. What is the remainder when 2997 is divided by p?
97
Let j(x) = -2*x**2 + 16*x - 12. Let d = 21 + -15. Calculate the remainder when j(4) is divided by d.
2
Let o be (3/(-6))/(2/(-92)). Suppose 4*y - o = 29. Calculate the remainder when -1*(3/(-1) + -44) is divided by y.
8
Suppose -51*d + 52*d - 10 = 0. Let c(i) = -9*i - 3. Let n be c(-2). Suppose -d*h - 125 = -n*h. Calculate the remainder when h is divided by 9.
7
Suppose -2*h + 419 = 5*n, -6*h + 413 = 5*n - 2*h. Suppose -o + 4*m = -11, -61*o + 57*o + 44 = -m. Calculate the remainder when n is divided by o.
8
Let s(g) = -g**2 - 6*g + 120. What is the remainder when s(-9) is divided by 28?
9
Suppose 8*x - 10 - 6 = 0. Let b(v) = -v + 14. Calculate the remainder when 28 is divided by b(x).
4
Let a(h) = h**2 - 15*h - 4. Let o be a(12). Let y = 55 + o. Calculate the remainder when 44 is divided by y.
14
Let q = -46 + 49. Suppose 2*c + 70 = 4*z, -2*c = q*c + 5. What is the remainder when 65 is divided by z?
14
Let z(m) = -m**3 + 62*m**2 - 173*m - 146. Calculate the remainder when 293 is divided by z(59).
23
Let r be 95 - 14 - (-1 + 1). Suppose -r = n - 4*n. Suppose 54 + 2 = 4*x. What is the remainder when n is divided by x?
13
Let u(c) = c**2 + 6*c - 5. Calculate the remainder when 101 is divided by u(1).
1
Let m be (2/4)/((-8)/(-16))*3. Suppose -m*w = 0, j - 3*j = -w - 38. What is the remainder when 132 is divided by j?
18
Let y = -9 - -18. Suppose -2*b - 3*q - 2*q - 2 = 0, -2*q = 3*b + 3. Let x(i) = -25*i**3 - i**2 - i. What is the remainder when x(b) is divided by y?
7
Calculate the remainder when (-2)/12 + (3 - (-75)/18) is divided by 5.
2
Let g = -311 - -349. Calculate the remainder when 219 is divided by g.
29
Let j = -11 - -25. Calculate the remainder when 121/5 + 32/40 is divided by j.
11
Suppose -l - 4*l = -20. Let i(t) = 24*t + 2 + l*t + 1. What is the remainder when i(2) is divided by 20?
19
Calculate the remainder when 41 is divided by 16 - 7 - (-20)/4.
13
Suppose -3*i = -5*c - 78, -3*i + c + 28 = -2*i. What is the remainder when 121 is divided by i?
28
Let v(d) be the first derivative of d**2/2 + 19*d + 8. Let h be v(-17). What is the remainder when 73 is divided by 2/(h/19) - 0?
16
Let v = -53 + 57. Suppose v*n = -5*w + 31 + 72, -40 = -2*w - n. Calculate the remainder when (55/(-2))/((-2)/4) is divided by w.
17
Let h(a) = 4*a - 8. What is the remainder when (26*(-3)/4)/((-65)/130) is divided by h(7)?
19
Let j(o) = -2*o**3 - o - 7. Let u be j(3). Let f = u + 80. Calculate the remainder when 78 is divided by f.
14
Let n be 51/(-34)*(-8)/6. Calculate the remainder when (150/8)/(n/8) is divided by 19.
18
Let u = 143 - 287. Calculate the remainder when 31 is divided by (-608)/u - (-4)/(-18).
3
Let h = -18 + 40. Let t(f) = 14*f - 36. What is the remainder when t(7) is divided by h?
18
Suppose -2*r + 6 + 24 = 0. Suppose -c + 5*c - 328 = 0. What is the remainder when c is divided by (-56)/3*r/(-10)?
26
Suppose 3*f + 3*i = 189, 3*i = -5*f - 0*i + 311. Let d = -49 + f. What is the remainder when 42 is divided by d?
6
Suppose 2*a = -5*g + 158, a + 35 = -4*g + 159. What is the remainder when g is divided by 5/1 + 7 + -4?
6
Let a = 266 + -173. Let q = -62 + a. What is the remainder when q is divided by 10?
1
Let j = -26 + 41. Let n = 18 - j. What is the remainder when 8 is divided by n?
2
Let h = -702 + 719. What is the remainder when h is divided by 1?
0
Let j(r) = -r**3 + 5*r**2 - r - 2. Let z be j(5). Suppose -4*k + 2*m + 53 = -3*k, 2*m - 69 = -k. What is the remainder when k is divided by (-2)/7 + (-149)/z?
19
Suppose 2*q + 3*q + 22 = 4*r, -5*q = r + 7. Suppose 0 = -5*j + r + 32. Calculate the remainder when j is divided by 6.
1
Suppose 0 = m + 34 - 13. Let l = -6 - m. Calculate the remainder when l is divided by 6.
3
Let h = -24 - -28. What is the remainder when 48 is divided by 216/21 + h/(-14)?
8
Let v(n) = n**3 - 4*n**2 + 4*n + 7. What is the remainder when 154 is divided by v(5)?
50
Suppose 2*u + 2*u - 8 = 0. Calculate the remainder when 37 is divided by ((-1)/(-3))/(u/60).
7
Calculate the remainder when 1*((-1096)/(-7) - (-30)/70) is divided by 20.
17
What is the remainder when 152 is divided by (0 - (3 + -5)) + 38?
32
Suppose 50*g = 21*g + 319. Calculate the remainder when 192 is divided by g.
5
Let r(m) = m**2 + 2*m - 2. Suppose 4*d - 4 = 4. Suppose 13 = 2*y + s, -3*s + 6 = -y - 6*s. What is the remainder when y is divided by r(d)?
3
Suppose -2*h = 2*w + 174, -5*h = -w + 3*w + 183. Let r = 126 + w. Calculate the remainder when r is divided by 9.
6
Suppose -5*u = -4*y - 155, -2*u - y = 4*y - 95. What is the remainder when 99 is divided by u?
29
Let p(v) = 8*v**2 + 33*v + 200. Calculate the remainder when p(-9) is divided by 51.
41
Let m = 188 - -107. Suppose 0 = 3*i - u - 3*u - m, 4*i + 5*u = 352. Calculate the remainder when i is divided by 19.
17
Suppose 6*d = 486 + 1338. Suppose d = 5*h - 6. Wha